of a and 77.
7
Let z(s) = -s**2 + 6*s + 7. Let m be z(6). What is the greatest common divisor of 63 and m?
7
Let k(o) = -o**3 - 3*o**2 + 9*o + 6. Let s be k(-6). Suppose s = a + 3*a. Let j be (5 - 5) + a*2. What is the greatest common divisor of j and 6?
6
Let x be 2/(-7) - 46/(-14). Let z be x/((-4)/(128/(-3))). Let j be (2/4)/((-15)/(-240)). Calculate the greatest common factor of j and z.
8
Let b = 90 - 42. What is the greatest common factor of 64 and b?
16
Suppose -108 = -5*m + 2*m. Let r = -19 + 28. What is the greatest common divisor of m and r?
9
Let j(n) = -2*n - 1. Suppose g + 8 = -g, 5*t + 4*g = -6. Let o be j(t). Let v = 20 + o. Calculate the highest common factor of 45 and v.
15
Let x be 63 + 3/9*0. Calculate the greatest common factor of x and 7.
7
Suppose 4*s + 4*o + 2 + 18 = 0, 4*s + o = -5. Let i be (1 + (-1 - -1))*s. Let u(n) = n + 98. Let x be u(i). What is the highest common divisor of 14 and x?
14
Let z = 71 + -31. What is the greatest common factor of 100 and z?
20
Let x be (-372)/(-28) - (-2)/(-7). Let h(y) = 4*y**2 - y - 1. Let w be h(2). What is the greatest common divisor of w and x?
13
Let l(z) = -z**2 - 5*z + 2. Let o be l(-3). Calculate the highest common factor of 72 and o.
8
Let z(b) be the first derivative of -b**4/4 + 7*b**3/3 + 3*b - 4. Let k be z(7). Calculate the highest common divisor of k and 9.
3
Let z(n) = n**3 + 7*n**2 + 7*n - 6. Let k be z(-6). Let m be ((-20)/(-15))/((-1)/k). Let j = 64 + -32. What is the highest common divisor of j and m?
16
Suppose 4*b = z - 0*b - 55, 0 = -3*b - 12. Suppose 8*l - 63 = 41. What is the greatest common divisor of z and l?
13
Let j = -18 - -178. Calculate the highest common divisor of j and 10.
10
Suppose -3*k = -31 - 74. Calculate the greatest common factor of 5 and k.
5
Let o be 1 + (3 + -3)/3. Suppose -2*r - 12 = 5*p, 7 + o = 5*r + 3*p. Suppose 0 = r*l + l - 150. Calculate the greatest common factor of l and 15.
15
Let t = 229 - 13. Calculate the highest common divisor of t and 27.
27
Let h(m) = -m**2 + 5*m + 4. Let v be h(5). Let d be 3/((-12)/(-10))*2. Suppose -d*u + 1 = -49. Calculate the highest common factor of u and v.
2
Let i(j) = -j**3 + 5*j**2 + j - 4. Let u be i(3). Calculate the greatest common factor of u and 51.
17
Let d = -32 - -39. Calculate the greatest common divisor of 56 and d.
7
Suppose -3*g = 5*n - 14 - 0, 5*n + 18 = g. Let p = 118 + -30. Calculate the greatest common factor of g and p.
8
Let l(w) = -w**3 + w + 49. Let k be l(0). Calculate the greatest common divisor of k and 7.
7
Let r be 42/(-28)*(-80)/6. Let c be 14/3 - (-4)/(-6). Calculate the highest common divisor of c and r.
4
Let m(t) be the first derivative of t**2/2 + 12*t + 2. Let h be m(0). Let a = 16 - -8. Calculate the greatest common divisor of h and a.
12
Suppose o - 12 = 5*o. Let a = o - -3. Suppose a = -2*s - 3 + 11. What is the highest common factor of 2 and s?
2
Let h(b) = 3*b**2 - b - 6. Let x be h(3). Calculate the greatest common divisor of x and 3.
3
Let i = 6 + -5. Let j be (0 - -1)*(i + -1). Suppose -22 = -5*p - 3*o + 2*o, j = -5*p + 2*o + 31. What is the highest common divisor of p and 40?
5
Suppose -8*k = -1697 - 1215. What is the greatest common factor of k and 28?
28
Suppose -5*n = -2*r - 3*r - 55, -2*n + 5*r = -28. Let o be ((-48)/n)/((-4)/12). What is the highest common factor of 16 and o?
16
Let d(j) = j**2 + j - 9. Let h be d(-7). Let q be ((-4)/(-6) + 3)*h. What is the greatest common factor of q and 11?
11
Suppose j - 14 = -9. What is the greatest common factor of j and 5?
5
Let y be (-1)/((-9)/5 + 2). Let v be (y - -6) + 1*17. Calculate the greatest common divisor of v and 45.
9
Let i = 3 - -22. Let l be ((-15)/i)/((-3)/255). What is the greatest common divisor of l and 34?
17
Suppose 2*q - 123 - 117 = 0. Calculate the highest common divisor of 15 and q.
15
Let h(j) = -9*j + 1. Let t be h(-2). Let i be (-1)/2 - t/(-2). Let k(o) = o**3 - 4*o**2 + 4*o. Let u be k(3). Calculate the highest common factor of i and u.
3
Suppose p + 8 = -g + 2*g, 0 = -3*g + 4*p + 26. Let u be 0*((-14)/4)/(-7). Suppose 2*q = g - u. Calculate the greatest common divisor of q and 27.
3
Let p = -10 - -13. Suppose 2*b - p = -b, -3*b + 2 = -a. Calculate the greatest common divisor of 8 and a.
1
Let z(j) = 2*j**2 + 1. Let x be z(-1). Suppose -4*r + r + 69 = 0. Let y = -22 + r. Calculate the highest common factor of y and x.
1
Let n = -37 - -42. What is the greatest common divisor of n and 35?
5
Suppose -2*a + 44 = d, 0*a + 4*a - 8 = 0. Suppose -7*p + d = -2*p - i, 2*p = -2*i + 4. Let f be (-4)/p*(-14)/4. What is the highest common factor of f and 2?
2
Let f(n) = 1 + 8*n + 19*n - 3. Let r be f(3). Let k be 2 + 0/(-1) + r. What is the greatest common factor of 9 and k?
9
Suppose -8 = 2*c - 76. Calculate the greatest common factor of c and 85.
17
Let j be (3 - 1)/((-2)/(-12)). Suppose 38 - 182 = 3*x. Let z be (x/(-10))/((-6)/(-165)). Calculate the highest common factor of j and z.
12
Let l(y) = 10*y**2 + 2*y - 4. Let u be l(-3). Calculate the greatest common factor of u and 10.
10
Suppose f = 6*f - 585. What is the greatest common divisor of 13 and f?
13
Suppose 3*u - 3 = g + 2, 3*g - 21 = -3*u. Calculate the greatest common factor of u and 1.
1
Suppose 18 = 2*i - 24. Calculate the greatest common factor of i and 147.
21
Suppose q = -2*w - 41, q + w = 5*w - 53. Let x = q - -115. Suppose 2*c = -3*c + x. What is the highest common factor of 28 and c?
14
Suppose 12*w - 96 = 9*w. Calculate the greatest common factor of w and 8.
8
Suppose 2*u = -f + 12, 21 = 5*f - 0*u - 3*u. Let z = -22 + 26. Calculate the highest common factor of f and z.
2
Let o(n) = -4 - 7 + n - 7*n - 10*n. Let i(t) = 3*t + 2. Let s(z) = 22*i(z) + 4*o(z). Let m be s(3). Calculate the highest common factor of m and 4.
2
Suppose -102 = -2*k + 38. What is the highest common factor of k and 175?
35
Suppose -5*g + 484 = 2*x, 2*x + 382 = 4*g + x. Calculate the greatest common divisor of 12 and g.
12
Suppose -36 = -z + 5*z. Let k = 19 + z. Let c = 154 - 114. Calculate the greatest common divisor of c and k.
10
Let a be 0 + 3*(-38)/(-6). What is the highest common divisor of 95 and a?
19
Let b = 9 - 3. Suppose 2*m + 3*m = 10. What is the highest common divisor of b and m?
2
Suppose -o = -h - 131, o = -6*h + 2*h + 106. Calculate the greatest common divisor of 14 and o.
14
Let z(a) = a**3 - 2*a**2 + a + 4. Let w be z(2). Calculate the greatest common factor of w and 42.
6
Let z(p) = -19*p**3 - p**2 + p + 1. Let u be z(-1). Let h = 95 + -65. Let l = h - u. Calculate the greatest common factor of l and 48.
12
Let b(o) = o**3 + 4*o**2 - 4*o + 1. Let i be b(-5). Let w(z) = -12*z - 6. Let p be w(i). What is the highest common divisor of p and 105?
21
Let m be (4/6)/((-6)/(-144)). Suppose 4*r - 1 = -77. Let k = 27 + r. What is the highest common divisor of k and m?
8
Let n be (-4)/(-18) + (-340)/(-90) + 68. Suppose 0 = 2*k - 2*y - 96, -4*y - 120 = -3*k + 24. Calculate the highest common factor of k and n.
24
Let k(n) = 14*n + 7. Let o be k(4). Suppose 0 = -0*v + v - 6. Let x be v/1 + 2 + -1. What is the highest common factor of x and o?
7
Let f(j) = -j**2 - 4*j - 2. Let y be f(-3). Suppose 4 = w - y. Suppose 165 = -v + 6*v - w*m, -4*m + 84 = 2*v. Calculate the greatest common divisor of 9 and v.
9
Let y be -3 + 548/4 + -2. Calculate the highest common divisor of 33 and y.
33
Suppose -216*i - 650 = -221*i. Suppose -k + 7 = -6. Calculate the highest common factor of i and k.
13
Let p(w) = 37*w**2 + 2*w + 1. Let i be p(-1). Suppose -4*o - 5*k = -48, -3*o + k - 6*k = -i. Let g = 26 - o. What is the highest common factor of g and 70?
14
Let b be 45/18 - (-2)/4. Calculate the highest common factor of b and 6.
3
Suppose -16 - 16 = -4*q. What is the greatest common factor of 64 and q?
8
Suppose -46 = x - 2*x + 2*k, 255 = 5*x - 5*k. What is the highest common divisor of x and 8?
8
Let u = -123 + 222. Calculate the greatest common divisor of u and 11.
11
Let t = -2 + 17. Let x(w) = w**3 + w**2 + 3. Let v be x(0). Calculate the greatest common factor of t and v.
3
Let w(t) = -9 + 2*t + 5*t**3 - 6*t**3 - 6*t**2 + 2*t. Let q be w(-7). Calculate the greatest common factor of q and 36.
12
Let r(m) = m**2 + m - 1. Let h be r(-7). Let x = h + -15. Let j(w) 